{"id":849,"date":"2025-08-19T02:37:00","date_gmt":"2025-08-19T02:37:00","guid":{"rendered":"https:\/\/icarosoulmelody.com\/?post_type=product&#038;p=849"},"modified":"2025-08-27T00:22:55","modified_gmt":"2025-08-27T00:22:55","slug":"icaro-windbreaker-soul-melody","status":"publish","type":"product","link":"https:\/\/icarosoulmelody.com\/index.php\/product\/icaro-windbreaker-soul-melody\/","title":{"rendered":"ICARO WINDBREAKER SOUL MELODY"},"content":{"rendered":"<p>Cortaviento impermeable h\u00edbrido con corte especial de ventilaci\u00f3n en la espalda, cierre YKK de alta resistencia y forro de malla con mangas de algod\u00f3n para mayor confort. Vers\u00e1til para uso casual o deportivo.<\/p>\n","protected":false},"excerpt":{"rendered":"<ul>\n<li style=\"font-weight: 400;\">Lined interior, cotton in sleeve lining.<\/li>\n<li>YKK Zippers.<\/li>\n<li>Thermal Fabric.<\/li>\n<li>Advanced Ventilation.<\/li>\n<li>Lightwight, windproof and water \u2013 resistant material.<\/li>\n<\/ul>\n","protected":false},"featured_media":877,"template":"","meta":[],"product_cat":[26,32,24],"product_tag":[],"class_list":{"0":"post-849","1":"product","2":"type-product","3":"status-publish","4":"has-post-thumbnail","6":"product_cat-jackets","7":"product_cat-the-world-is-ours","8":"product_cat-tops","10":"first","11":"instock","12":"shipping-taxable","13":"purchasable","14":"product-type-variable"},"_links":{"self":[{"href":"https:\/\/icarosoulmelody.com\/index.php\/wp-json\/wp\/v2\/product\/849","targetHints":{"allow":["GET"]}}],"collection":[{"href":"https:\/\/icarosoulmelody.com\/index.php\/wp-json\/wp\/v2\/product"}],"about":[{"href":"https:\/\/icarosoulmelody.com\/index.php\/wp-json\/wp\/v2\/types\/product"}],"wp:featuredmedia":[{"embeddable":true,"href":"https:\/\/icarosoulmelody.com\/index.php\/wp-json\/wp\/v2\/media\/877"}],"wp:attachment":[{"href":"https:\/\/icarosoulmelody.com\/index.php\/wp-json\/wp\/v2\/media?parent=849"}],"wp:term":[{"taxonomy":"product_cat","embeddable":true,"href":"https:\/\/icarosoulmelody.com\/index.php\/wp-json\/wp\/v2\/product_cat?post=849"},{"taxonomy":"product_tag","embeddable":true,"href":"https:\/\/icarosoulmelody.com\/index.php\/wp-json\/wp\/v2\/product_tag?post=849"}],"curies":[{"name":"wp","href":"https:\/\/api.w.org\/{rel}","templated":true}]}}