{"id":287,"date":"2024-07-31T01:30:58","date_gmt":"2024-07-31T01:30:58","guid":{"rendered":"https:\/\/icarosoulmelody.com\/?page_id=287"},"modified":"2024-07-31T01:35:29","modified_gmt":"2024-07-31T01:35:29","slug":"politica-de-devoluciones-y-reembolso","status":"publish","type":"page","link":"https:\/\/icarosoulmelody.com\/index.php\/politica-de-devoluciones-y-reembolso\/","title":{"rendered":"Pol\u00edtica de Devoluciones y Reembolso"},"content":{"rendered":"\t\t<div data-elementor-type=\"wp-page\" data-elementor-id=\"287\" class=\"elementor elementor-287\">\n\t\t\t\t<div class=\"elementor-element elementor-element-4acf37e4 e-flex e-con-boxed e-con e-parent\" data-id=\"4acf37e4\" data-element_type=\"container\">\n\t\t\t\t\t<div class=\"e-con-inner\">\n\t\t\t\t<div class=\"elementor-element elementor-element-2e32c04f elementor-widget elementor-widget-text-editor\" data-id=\"2e32c04f\" data-element_type=\"widget\" data-widget_type=\"text-editor.default\">\n\t\t\t\t<div class=\"elementor-widget-container\">\n\t\t\t<style>\/*! elementor - v3.23.0 - 15-07-2024 *\/\n.elementor-widget-text-editor.elementor-drop-cap-view-stacked .elementor-drop-cap{background-color:#69727d;color:#fff}.elementor-widget-text-editor.elementor-drop-cap-view-framed .elementor-drop-cap{color:#69727d;border:3px solid;background-color:transparent}.elementor-widget-text-editor:not(.elementor-drop-cap-view-default) .elementor-drop-cap{margin-top:8px}.elementor-widget-text-editor:not(.elementor-drop-cap-view-default) .elementor-drop-cap-letter{width:1em;height:1em}.elementor-widget-text-editor .elementor-drop-cap{float:left;text-align:center;line-height:1;font-size:50px}.elementor-widget-text-editor .elementor-drop-cap-letter{display:inline-block}<\/style>\t\t\t\t<p><span class=\"s3\">En ICARO SOUL MELODY, queremos que est\u00e9 completamente satisfecho con su compra. Si por alguna raz\u00f3n no est\u00e1 satisfecho con los productos que ha adquirido, aceptamos devoluciones y ofrecemos reembolsos bajo las siguientes condiciones:<\/span><\/p><p class=\"s7\"><span class=\"s2\">Condiciones para Devoluciones:<\/span><\/p><div class=\"s6\"><span class=\"s9\">\u2022 <\/span><span class=\"s3\">Las devoluciones deben realizarse dentro de los 30 d\u00edas posteriores a la recepci\u00f3n del pedido.<\/span><\/div><div class=\"s6\"><span class=\"s9\">\u2022 <\/span><span class=\"s3\">Los productos deben estar en su estado original, sin usar, sin lavar y con todas las etiquetas y empaques originales intactos.<\/span><\/div><div class=\"s6\"><span class=\"s9\">\u2022 <\/span><span class=\"s3\">Los productos en oferta o con descuento no son elegibles para devoluciones, salvo en caso de defectos de fabricaci\u00f3n.<\/span><\/div><p class=\"s7\"><span class=\"s2\">Proceso de Devoluci\u00f3n:<\/span><\/p><div class=\"s6\"><span class=\"s12\">&#8211; <\/span><span class=\"s2\">Solicitud de Devoluci\u00f3n:<\/span><span class=\"s3\"> Env\u00ede un correo electr\u00f3nico a [correo electr\u00f3nico de contacto] con su n\u00famero de pedido y motivo de la devoluci\u00f3n.<\/span><\/div><div class=\"s6\"><span class=\"s12\">&#8211; <\/span><span class=\"s2\">Aprobaci\u00f3n de Devoluci\u00f3n:<\/span><span class=\"s3\"> Recibir\u00e1 un correo electr\u00f3nico con las instrucciones para proceder con la devoluci\u00f3n.<\/span><\/div><div class=\"s6\"><span class=\"s12\">&#8211; <\/span><span class=\"s2\">Env\u00edo de Productos:<\/span><span class=\"s3\"> Env\u00ede los productos a la direcci\u00f3n proporcionada en las instrucciones. Los costos de env\u00edo de la devoluci\u00f3n son responsabilidad del cliente, salvo en caso de productos defectuosos o incorrectos.<\/span><\/div><div class=\"s6\"><span class=\"s12\">&#8211; <\/span><span class=\"s2\">Recepci\u00f3n y Reembolso:<\/span><span class=\"s3\"> Una vez recibamos y revisemos los productos, le notificaremos por correo electr\u00f3nico la aprobaci\u00f3n o rechazo de su reembolso. Si se aprueba, el reembolso se procesar\u00e1 y se aplicar\u00e1 autom\u00e1ticamente a su m\u00e9todo de pago original dentro de un plazo de 7 a 10 d\u00edas h\u00e1biles.<\/span><\/div><div class=\"s7\">\u00a0<\/div>\t\t\t\t\t\t<\/div>\n\t\t\t\t<\/div>\n\t\t\t\t\t<\/div>\n\t\t\t\t<\/div>\n\t\t\t\t<\/div>\n\t\t","protected":false},"excerpt":{"rendered":"<p>En ICARO SOUL MELODY, queremos que est\u00e9 completamente satisfecho con su compra. Si por alguna raz\u00f3n no est\u00e1 satisfecho con los productos que ha adquirido, aceptamos devoluciones y ofrecemos reembolsos&hellip;<\/p>\n","protected":false},"author":1,"featured_media":0,"parent":0,"menu_order":0,"comment_status":"closed","ping_status":"closed","template":"","meta":{"footnotes":""},"class_list":["post-287","page","type-page","status-publish","hentry"],"_links":{"self":[{"href":"https:\/\/icarosoulmelody.com\/index.php\/wp-json\/wp\/v2\/pages\/287","targetHints":{"allow":["GET"]}}],"collection":[{"href":"https:\/\/icarosoulmelody.com\/index.php\/wp-json\/wp\/v2\/pages"}],"about":[{"href":"https:\/\/icarosoulmelody.com\/index.php\/wp-json\/wp\/v2\/types\/page"}],"author":[{"embeddable":true,"href":"https:\/\/icarosoulmelody.com\/index.php\/wp-json\/wp\/v2\/users\/1"}],"replies":[{"embeddable":true,"href":"https:\/\/icarosoulmelody.com\/index.php\/wp-json\/wp\/v2\/comments?post=287"}],"version-history":[{"count":7,"href":"https:\/\/icarosoulmelody.com\/index.php\/wp-json\/wp\/v2\/pages\/287\/revisions"}],"predecessor-version":[{"id":294,"href":"https:\/\/icarosoulmelody.com\/index.php\/wp-json\/wp\/v2\/pages\/287\/revisions\/294"}],"wp:attachment":[{"href":"https:\/\/icarosoulmelody.com\/index.php\/wp-json\/wp\/v2\/media?parent=287"}],"curies":[{"name":"wp","href":"https:\/\/api.w.org\/{rel}","templated":true}]}}